ase 15.
3221
Convert -220 (base 10) to base 2.
-11011100
613 (base 7) to base 11
257
What is 32836 (base 11) in base 7?
255516
What is 1820 (base 16) in base 15?
1c6b
What is 46046 (base 9) in base 8?
73704
What is -32 (base 11) in base 6?
-55
What is -7424 (base 10) in base 15?
-22ee
-3575 (base 12) to base 11
-4559
Convert 12a1b (base 14) to base 13.
17b6c
Convert 1368 (base 12) to base 14.
b60
Convert -1ab3 (base 15) to base 8.
-13241
What is 1b2 (base 13) in base 11?
266
Convert 210 (base 5) to base 9.
61
-1002033 (base 4) to base 6
-31343
-23123 (base 4) to base 10
-731
Convert 772 (base 8) to base 5.
4011
202021211 (base 3) to base 4
3213013
20240 (base 6) to base 3
10200120
What is -5d (base 14) in base 6?
-215
13441 (base 8) to base 11
44a3
-33243 (base 5) to base 3
-10012001
b7c (base 14) to base 6
14254
-134113 (base 5) to base 9
-7527
104220 (base 7) to base 16
4773
What is -4178 (base 9) in base 15?
-d98
686c (base 14) to base 6
215532
Convert -20096 (base 12) to base 9.
-63036
-422 (base 9) to base 7
-1001
Convert 5b (base 14) to base 9.
100
Convert -8080 (base 12) to base 8.
-33140
Convert -e (base 15) to base 8.
-16
Convert -14205 (base 6) to base 14.
-b5b
What is 29774 (base 11) in base 13?
16284
What is -4b8 (base 14) in base 16?
-3b2
5121 (base 12) to base 10
8809
What is a9aa (base 15) in base 16?
8c5f
What is -ba (base 14) in base 5?
-1124
What is -12 (base 5) in base 13?
-7
Convert 7746 (base 10) to base 14.
2b74
What is -404 (base 8) in base 4?
-10010
Convert 2797 (base 13) to base 10.
5701
Convert e2 (base 16) to base 13.
145
-1b0 (base 12) to base 14
-15a
What is -556 (base 10) in base 8?
-1054
Convert -221021 (base 4) to base 15.
-ba8
135 (base 15) to base 11
230
Convert 11103211 (base 4) to base 14.
7cc5
3d5 (base 15) to base 2
1101101011
What is -cc3 (base 16) in base 15?
-e7c
What is -106 (base 8) in base 3?
-2121
-323 (base 11) to base 16
-184
What is 2111301 (base 4) in base 10?
9585
Convert -20a (base 14) to base 2.
-110010010
What is 20300 (base 4) in base 15?
275
What is -65 (base 9) in base 11?
-54
611 (base 8) to base 10
393
What is 7264 (base 8) in base 13?
1937
What is -e84 (base 16) in base 7?
-13556
What is -13011 (base 4) in base 9?
-553
Convert 2420 (base 7) to base 4.
32000
What is -4505 (base 13) in base 14?
-3726
What is -20204 (base 7) in base 2?
-1001100101000
Convert 22120 (base 4) to base 13.
3c1
-c86 (base 15) to base 2
-101100001010
What is 100134 (base 5) in base 9?
4311
Convert 13 (base 5) to base 2.
1000
110110101 (base 2) to base 12
305
213450 (base 6) to base 9
26213
What is 197 (base 16) in base 3?
120002
-201020211 (base 3) to base 8
-33323
What is -1011000011010000 (base 2) in base 14?
-126d2
607 (base 14) to base 7
3310
864 (base 13) to base 4
112122
Convert -432 (base 10) to base 8.
-660
Convert -698 (base 15) to base 6.
-10525
Convert -231031 (base 5) to base 4.
-2001022
-254 (base 14) to base 11
-394
What is a11 (base 16) in base 8?
5021
What is -41222 (base 6) in base 2?
-1010101101110
-231 (base 16) to base 12
-3a9
What is -631 (base 11) in base 16?
-2f8
What is 23 (base 7) in base 15?
12
30418 (base 9) to base 5
1120044
40143 (base 5) to base 15
b4d
-1000111001 (base 2) to base 9
-702
What is 21102102 (base 3) in base 4?
1110203
Convert -77379 (base 10) to base 12.
-38943
1003121 (base 4) to base 11
3271
Convert -10100101110 (base 2) to base 16.
-52e
What is 19a (base 11) in base 16?
e6
Convert -2939 (base 10) to base 16.
-b7b
Convert 5b2b (base 14) to base 4.
3320223
1001003 (base 4) to base 9
5635
What is 922 (base 13) in base 3?
2010101
Convert 1b4 (base 14) to base 11.
2a2
What is 845 (base 9) in base 2?
1010110001
What is -420235 (base 6) in base 12?
-1767b
Convert -1436 (base 11) to base 4.
-130332
Convert -e8d (base 15) to base 9.
-4447
-1110010011110011 (base 2) to base 6
-1131203
-924 (base 13) to base 7
-4344
Convert -16592 (base 10) to base 15.
-4db2
Convert 1782 (base 9) to base 5.
20440
-4173 (base 9) to base 10
-3063
373 (base 12) to base 15
249
220 (base 16) to base 3
202011
Convert 191 (base 11) to base 7.
434
Convert -34b (base 14) to base 3.
-220021
Convert 381 (base 9) to base 11.
268
Convert 5031 (base 7) to base 15.
7ac
592 (base 13) to base 9
1281
What is -7b6a (base 12) in base 5?
-420022
Convert -211003 (base 4) to base 13.
-1105
Convert -14925 (base 11) to base 2.
-101001001011001
What is -405 (base 11) in base 12?
-349
Convert 213000 (base 4) to base 11.
196a
-1746 (base 8) to base 5
-12443
What is -1453 (base 10) in base 5?
-21303
What is 22410 (base 7) in base 5?
140231
Convert 81a (base 16) to base 9.
2754
-10110010010 (base 2) to base 13
-859
What is 22728 (base 9) in base 7?
62144
What is 47b5 (base 13) in base 9?
14783
What is -214 (base 16) in base 7?
-1360
89 (base 14) to base 15
81
Convert -2121100021 (base 3) to base 11.
-35589
-3724 (base 9) to base 7
-11044
Convert -a4 (base 15) to base 3.
-12201
What is -44040 (base 5) in base 3?
-11010212
201110022 (base 3) to base 13
65c0
What is -3004 (base 5) in base 11?
-315
Convert -36013 (base 7) to base 14.
-3543
Convert 447 (base 16) to base 7.
3123
Convert 381c (base 15) to base 6.
131200
142152 (base 6) to base 5
412320
121210 (base 7) to base 14
8077
Convert 333333 (base 4) to base 14.
16c7
-51d (base 15) to base 10
-1153
Convert -1559 (base 13) to base 9.
-4242
Convert 25575 (base 8) to base 14.
40b3
-7515 (base 9) to base 13
-268a
What is -1011 (base 4) in base 5?
-234
What is 1135 (base 6) in base 14?
159
What is -b99d (base 14) in base 16?
-7d57
What is 1524 (base 11) in base 8?
3652
What is 5629 (base 11) in base 9?
11145
What is -564 (base 10) in base 8?
-1064
What is 19171 (base 10) in base 2?
100101011100011
Convert -768 (base 10) to base 9.
-1043
What is -3cd (base 16) in base 6?
-4301
What is 226 (base 9) in base 2?
10111010
Convert -7a6 (base 14) to base 10.
-1518
5866 (base 9) to base 11
32a8
-401400 (base 5) to base 9
-18408
What is 4819 (base 11) in base 5?
200222
What is -21531 (base 6) in base 14?
-114b
-21020120 (base 3) to base 6
-40240
11001111111 (base 2) to base 10
1663
Convert 10561 (base 13) to base 16.
732d
26a6 (base 15) to base 11
6226
-250261 (base 7) to base 12
-22594
10000001110100 (base 2) to base 5
231213
110322 (base 4) to base 14
6b8
-33f (base 16) to base 11
-696
Convert -21204 (base 11) to base 9.
-46287
What is -10001111101010 (base 2) in base 9?
-13545
Convert -10000001000100 (base 2) to base 6.
-102124
14326 (base 9) to base 4
2120100
-11110100101 (base 2) to base 12
-1171
What is -1899 (base 14) in base 9?
-6081
368 (base 16) to base 14
464
Convert 11713 (base 8) to base 12.
2b23
104301 (base 5) to base 7
13535
What is 105146 (base 7) in base 5?
1043410
1001011111010 (base 2) to base 16
12fa
-12112222 (base 3) to base 9
-5488
1436 (base 15) to base 8
10346
What is -30353 (base 9) in base 5?
-1114344
What is 144421 (base 6) in base 5?
421411
816 (base 9) to base 4
22113
2083 (base 11) to base 7
11012
What is 1b80 (base 12) in base 4?
311100
What is 2417 (base 12) in base 14?
1695
1418c (base 13) to base 12
19942
What is 16547 (base 10) in base 4?
10002203
-1827 (base 9) to base 2
-10101111010
4170 (base 11) to base 10
5522
What is -11100 (base 5) in base 10?
-775
What is -148 (base 14) in base 3?
-100122
What is -175 (base 13) in base 16?
-109
Convert -300 (base 15) to base 6.
-3043
What is 376 (base 15) in base 6?
3350
What is -b8c7 (base 13) in base 11?
-18328
What is -1ae4 (base 15) in base 8?
-13317
Convert -17c (base 13) to base 6.
-1132
Convert -26d9 (base 14) to base 9.
-10356
Convert -3117 (base 14) to base 3.
-102120221
What is 1132312 (base 4) in base 8?
13666
What is 2440 (base 7) in base 11?
758
Convert 8a17 (base 11) to base 5.
340001
Convert -1010011110 (base 2) to base 9.
-824
-850a (base 11) to base 10
-11263
-11486 (base 9) to base 4
-1320030
What is -111001011 (base 2) in base 6?
-2043
120311 (base 4) to base 9
2155
What is 28b8 (base 16) in base 8?
24270
Convert 152 (base 13) to base 9.
282
What is -1056 (base 10) in base 16?
-420
-b8 (base 15) to base 9
-212
202112000 (base 3) to base 11
10269
What is 104520 (base 7) in base 16?
4806
What is -3301 (base 10) in base 13?
-166c
Convert -11a6a (base 12) to base 3.
-1012220101
-4236 (base 